{"id":671,"date":"2025-07-02T08:34:00","date_gmt":"2025-07-02T08:34:00","guid":{"rendered":"https:\/\/animatests.com\/fmlng2\/?page_id=280"},"modified":"2025-07-16T11:36:41","modified_gmt":"2025-07-16T09:36:41","slug":"news","status":"publish","type":"page","link":"https:\/\/mozambiquelngfoundation.org\/en\/news-publications\/news\/","title":{"rendered":"News"},"content":{"rendered":"<p>[vc_row css=&#8221;.vc_custom_1752221313270{margin-right: -15px !important;margin-left: -15px !important;}&#8221;][vc_column][vc_empty_space height=&#8221;25px&#8221;][vc_separator color=&#8221;custom&#8221; border_width=&#8221;3&#8243; accent_color=&#8221;#1c823a&#8221;][vc_empty_space height=&#8221;15px&#8221;][vc_custom_heading text=&#8221;Us in the media&#8221; use_theme_fonts=&#8221;yes&#8221;][vc_column_text]<\/p>\n<ul>\n<li><a href=\"https:\/\/360angola.com\/world\/africa\/mozambique-cabo-delgado-safety-boost-mozambique-lng-foundation-lights-up-pemba\/\" target=\"_blank\" rel=\"noopener\">Mozambique: Cabo Delgado Safety Boost \u2013 Mozambique LNG Foundation Lights Up Pemba<\/a><\/li>\n<li><a href=\"https:\/\/www.diarioeconomico.co.mz\/2025\/07\/02\/oilgas\/energia\/cabo-delgado-fundacao-lng-reforca-seguranca-com-projecto-de-iluminacao-publica\/?utm_source=whatsapp\" target=\"_blank\" rel=\"noopener\">Cabo Delgado: Funda\u00e7\u00e3o LNG Refor\u00e7a Seguran\u00e7a Com Projecto de Ilumina\u00e7\u00e3o P\u00fablica<\/a><\/li>\n<li><a href=\"https:\/\/furtherafrica.com\/2025\/07\/02\/cabo-delgado-safety-boost-mozambique-lng-foundation-lights-up-pemba\/\" target=\"_blank\" rel=\"noopener\">Cabo Delgado Safety Boost: Mozambique LNG Foundation Lights Up Pemba<\/a><\/li>\n<\/ul>\n<p>[\/vc_column_text][vc_empty_space height=&#8221;60px&#8221;][\/vc_column][\/vc_row]<\/p>\n","protected":false},"excerpt":{"rendered":"<p>[vc_row css=&#8221;.vc_custom_1752221313270{margin-right: -15px !important;margin-left: -15px !important;}&#8221;][vc_column][vc_empty_space height=&#8221;25px&#8221;][vc_separator color=&#8221;custom&#8221; border_width=&#8221;3&#8243; accent_color=&#8221;#1c823a&#8221;][vc_empty_space height=&#8221;15px&#8221;][vc_custom_heading text=&#8221;Us in the media&#8221; use_theme_fonts=&#8221;yes&#8221;][vc_column_text] Mozambique: Cabo Delgado Safety Boost \u2013 Mozambique LNG Foundation Lights Up Pemba Cabo Delgado: Funda\u00e7\u00e3o LNG Refor\u00e7a Seguran\u00e7a Com Projecto de Ilumina\u00e7\u00e3o P\u00fablica Cabo Delgado Safety Boost: Mozambique LNG Foundation Lights Up Pemba [\/vc_column_text][vc_empty_space height=&#8221;60px&#8221;][\/vc_column][\/vc_row]<\/p>\n","protected":false},"author":1,"featured_media":0,"parent":670,"menu_order":0,"comment_status":"closed","ping_status":"closed","template":"posts-template.php","meta":{"footnotes":""},"class_list":["post-671","page","type-page","status-publish","hentry"],"yoast_head":"<!-- This site is optimized with the Yoast SEO plugin v27.5 - https:\/\/yoast.com\/product\/yoast-seo-wordpress\/ -->\n<title>News - Funda\u00e7\u00e3o Mozambique LNG<\/title>\n<meta name=\"description\" content=\"Explore inspiring stories, updates, and impact highlights from the communities supported by the Foundation.\" \/>\n<meta name=\"robots\" content=\"index, follow, max-snippet:-1, max-image-preview:large, max-video-preview:-1\" \/>\n<link rel=\"canonical\" href=\"https:\/\/mozambiquelngfoundation.org\/en\/news-publications\/news\/\" \/>\n<meta property=\"og:locale\" content=\"en_US\" \/>\n<meta property=\"og:type\" content=\"article\" \/>\n<meta property=\"og:title\" content=\"News - Funda\u00e7\u00e3o Mozambique LNG\" \/>\n<meta property=\"og:description\" content=\"Explore inspiring stories, updates, and impact highlights from the communities supported by the Foundation.\" \/>\n<meta property=\"og:url\" content=\"https:\/\/mozambiquelngfoundation.org\/en\/news-publications\/news\/\" \/>\n<meta property=\"og:site_name\" content=\"Funda\u00e7\u00e3o Mozambique LNG\" \/>\n<meta property=\"article:publisher\" content=\"https:\/\/www.facebook.com\/profile.php?id=61575219521505\" \/>\n<meta property=\"article:modified_time\" content=\"2025-07-16T09:36:41+00:00\" \/>\n<meta name=\"twitter:card\" content=\"summary_large_image\" \/>\n<meta name=\"twitter:label1\" content=\"Est. reading time\" \/>\n\t<meta name=\"twitter:data1\" content=\"1 minute\" \/>\n<script type=\"application\/ld+json\" class=\"yoast-schema-graph\">{\"@context\":\"https:\\\/\\\/schema.org\",\"@graph\":[{\"@type\":\"WebPage\",\"@id\":\"https:\\\/\\\/mozambiquelngfoundation.org\\\/en\\\/news-publications\\\/news\\\/\",\"url\":\"https:\\\/\\\/mozambiquelngfoundation.org\\\/en\\\/news-publications\\\/news\\\/\",\"name\":\"News - Funda\u00e7\u00e3o Mozambique LNG\",\"isPartOf\":{\"@id\":\"https:\\\/\\\/mozambiquelngfoundation.org\\\/en\\\/#website\"},\"datePublished\":\"2025-07-02T08:34:00+00:00\",\"dateModified\":\"2025-07-16T09:36:41+00:00\",\"description\":\"Explore inspiring stories, updates, and impact highlights from the communities supported by the Foundation.\",\"breadcrumb\":{\"@id\":\"https:\\\/\\\/mozambiquelngfoundation.org\\\/en\\\/news-publications\\\/news\\\/#breadcrumb\"},\"inLanguage\":\"en-US\",\"potentialAction\":[{\"@type\":\"ReadAction\",\"target\":[\"https:\\\/\\\/mozambiquelngfoundation.org\\\/en\\\/news-publications\\\/news\\\/\"]}]},{\"@type\":\"BreadcrumbList\",\"@id\":\"https:\\\/\\\/mozambiquelngfoundation.org\\\/en\\\/news-publications\\\/news\\\/#breadcrumb\",\"itemListElement\":[{\"@type\":\"ListItem\",\"position\":1,\"name\":\"Home\",\"item\":\"https:\\\/\\\/mozambiquelngfoundation.org\\\/en\\\/\"},{\"@type\":\"ListItem\",\"position\":2,\"name\":\"News &#038; Publications\",\"item\":\"https:\\\/\\\/mozambiquelngfoundation.org\\\/en\\\/news-publications\\\/\"},{\"@type\":\"ListItem\",\"position\":3,\"name\":\"News\"}]},{\"@type\":\"WebSite\",\"@id\":\"https:\\\/\\\/mozambiquelngfoundation.org\\\/en\\\/#website\",\"url\":\"https:\\\/\\\/mozambiquelngfoundation.org\\\/en\\\/\",\"name\":\"Funda\u00e7\u00e3o Mozambique LNG\",\"description\":\"No \u00e2mbito do Projecto Mo\u00e7ambique LNG, esta iniciativa teve como objectivo promover o desenvolvimento sustent\u00e1vel, a preserva\u00e7\u00e3o ambiental e a diversifica\u00e7\u00e3o econ\u00f3mica em Cabo Delgado.\",\"publisher\":{\"@id\":\"https:\\\/\\\/mozambiquelngfoundation.org\\\/en\\\/#organization\"},\"potentialAction\":[{\"@type\":\"SearchAction\",\"target\":{\"@type\":\"EntryPoint\",\"urlTemplate\":\"https:\\\/\\\/mozambiquelngfoundation.org\\\/en\\\/?s={search_term_string}\"},\"query-input\":{\"@type\":\"PropertyValueSpecification\",\"valueRequired\":true,\"valueName\":\"search_term_string\"}}],\"inLanguage\":\"en-US\"},{\"@type\":\"Organization\",\"@id\":\"https:\\\/\\\/mozambiquelngfoundation.org\\\/en\\\/#organization\",\"name\":\"Funda\u00e7\u00e3o Mozambique LNG\",\"url\":\"https:\\\/\\\/mozambiquelngfoundation.org\\\/en\\\/\",\"logo\":{\"@type\":\"ImageObject\",\"inLanguage\":\"en-US\",\"@id\":\"https:\\\/\\\/mozambiquelngfoundation.org\\\/en\\\/#\\\/schema\\\/logo\\\/image\\\/\",\"url\":\"https:\\\/\\\/mozambiquelngfoundation.org\\\/wp-content\\\/uploads\\\/2025\\\/07\\\/logo-fundacao-pt.png\",\"contentUrl\":\"https:\\\/\\\/mozambiquelngfoundation.org\\\/wp-content\\\/uploads\\\/2025\\\/07\\\/logo-fundacao-pt.png\",\"width\":300,\"height\":102,\"caption\":\"Funda\u00e7\u00e3o Mozambique LNG\"},\"image\":{\"@id\":\"https:\\\/\\\/mozambiquelngfoundation.org\\\/en\\\/#\\\/schema\\\/logo\\\/image\\\/\"},\"sameAs\":[\"https:\\\/\\\/www.facebook.com\\\/profile.php?id=61575219521505\"]}]}<\/script>\n<!-- \/ Yoast SEO plugin. -->","yoast_head_json":{"title":"News - Funda\u00e7\u00e3o Mozambique LNG","description":"Explore inspiring stories, updates, and impact highlights from the communities supported by the Foundation.","robots":{"index":"index","follow":"follow","max-snippet":"max-snippet:-1","max-image-preview":"max-image-preview:large","max-video-preview":"max-video-preview:-1"},"canonical":"https:\/\/mozambiquelngfoundation.org\/en\/news-publications\/news\/","og_locale":"en_US","og_type":"article","og_title":"News - Funda\u00e7\u00e3o Mozambique LNG","og_description":"Explore inspiring stories, updates, and impact highlights from the communities supported by the Foundation.","og_url":"https:\/\/mozambiquelngfoundation.org\/en\/news-publications\/news\/","og_site_name":"Funda\u00e7\u00e3o Mozambique LNG","article_publisher":"https:\/\/www.facebook.com\/profile.php?id=61575219521505","article_modified_time":"2025-07-16T09:36:41+00:00","twitter_card":"summary_large_image","twitter_misc":{"Est. reading time":"1 minute"},"schema":{"@context":"https:\/\/schema.org","@graph":[{"@type":"WebPage","@id":"https:\/\/mozambiquelngfoundation.org\/en\/news-publications\/news\/","url":"https:\/\/mozambiquelngfoundation.org\/en\/news-publications\/news\/","name":"News - Funda\u00e7\u00e3o Mozambique LNG","isPartOf":{"@id":"https:\/\/mozambiquelngfoundation.org\/en\/#website"},"datePublished":"2025-07-02T08:34:00+00:00","dateModified":"2025-07-16T09:36:41+00:00","description":"Explore inspiring stories, updates, and impact highlights from the communities supported by the Foundation.","breadcrumb":{"@id":"https:\/\/mozambiquelngfoundation.org\/en\/news-publications\/news\/#breadcrumb"},"inLanguage":"en-US","potentialAction":[{"@type":"ReadAction","target":["https:\/\/mozambiquelngfoundation.org\/en\/news-publications\/news\/"]}]},{"@type":"BreadcrumbList","@id":"https:\/\/mozambiquelngfoundation.org\/en\/news-publications\/news\/#breadcrumb","itemListElement":[{"@type":"ListItem","position":1,"name":"Home","item":"https:\/\/mozambiquelngfoundation.org\/en\/"},{"@type":"ListItem","position":2,"name":"News &#038; Publications","item":"https:\/\/mozambiquelngfoundation.org\/en\/news-publications\/"},{"@type":"ListItem","position":3,"name":"News"}]},{"@type":"WebSite","@id":"https:\/\/mozambiquelngfoundation.org\/en\/#website","url":"https:\/\/mozambiquelngfoundation.org\/en\/","name":"Funda\u00e7\u00e3o Mozambique LNG","description":"No \u00e2mbito do Projecto Mo\u00e7ambique LNG, esta iniciativa teve como objectivo promover o desenvolvimento sustent\u00e1vel, a preserva\u00e7\u00e3o ambiental e a diversifica\u00e7\u00e3o econ\u00f3mica em Cabo Delgado.","publisher":{"@id":"https:\/\/mozambiquelngfoundation.org\/en\/#organization"},"potentialAction":[{"@type":"SearchAction","target":{"@type":"EntryPoint","urlTemplate":"https:\/\/mozambiquelngfoundation.org\/en\/?s={search_term_string}"},"query-input":{"@type":"PropertyValueSpecification","valueRequired":true,"valueName":"search_term_string"}}],"inLanguage":"en-US"},{"@type":"Organization","@id":"https:\/\/mozambiquelngfoundation.org\/en\/#organization","name":"Funda\u00e7\u00e3o Mozambique LNG","url":"https:\/\/mozambiquelngfoundation.org\/en\/","logo":{"@type":"ImageObject","inLanguage":"en-US","@id":"https:\/\/mozambiquelngfoundation.org\/en\/#\/schema\/logo\/image\/","url":"https:\/\/mozambiquelngfoundation.org\/wp-content\/uploads\/2025\/07\/logo-fundacao-pt.png","contentUrl":"https:\/\/mozambiquelngfoundation.org\/wp-content\/uploads\/2025\/07\/logo-fundacao-pt.png","width":300,"height":102,"caption":"Funda\u00e7\u00e3o Mozambique LNG"},"image":{"@id":"https:\/\/mozambiquelngfoundation.org\/en\/#\/schema\/logo\/image\/"},"sameAs":["https:\/\/www.facebook.com\/profile.php?id=61575219521505"]}]}},"_links":{"self":[{"href":"https:\/\/mozambiquelngfoundation.org\/en\/wp-json\/wp\/v2\/pages\/671","targetHints":{"allow":["GET"]}}],"collection":[{"href":"https:\/\/mozambiquelngfoundation.org\/en\/wp-json\/wp\/v2\/pages"}],"about":[{"href":"https:\/\/mozambiquelngfoundation.org\/en\/wp-json\/wp\/v2\/types\/page"}],"author":[{"embeddable":true,"href":"https:\/\/mozambiquelngfoundation.org\/en\/wp-json\/wp\/v2\/users\/1"}],"replies":[{"embeddable":true,"href":"https:\/\/mozambiquelngfoundation.org\/en\/wp-json\/wp\/v2\/comments?post=671"}],"version-history":[{"count":4,"href":"https:\/\/mozambiquelngfoundation.org\/en\/wp-json\/wp\/v2\/pages\/671\/revisions"}],"predecessor-version":[{"id":841,"href":"https:\/\/mozambiquelngfoundation.org\/en\/wp-json\/wp\/v2\/pages\/671\/revisions\/841"}],"up":[{"embeddable":true,"href":"https:\/\/mozambiquelngfoundation.org\/en\/wp-json\/wp\/v2\/pages\/670"}],"wp:attachment":[{"href":"https:\/\/mozambiquelngfoundation.org\/en\/wp-json\/wp\/v2\/media?parent=671"}],"curies":[{"name":"wp","href":"https:\/\/api.w.org\/{rel}","templated":true}]}}

<p>[vc_row css=&#8221;.vc_custom_1752221313270{margin-right: -15px !important;margin-left: -15px !important;}&#8221;][vc_column][vc_empty_space height=&#8221;25px&#8221;][vc_separator color=&#8221;custom&#8221; border_width=&#8221;3&#8243; accent_color=&#8221;#1c823a&#8221;][vc_empty_space height=&#8221;15px&#8221;][vc_custom_heading text=&#8221;Us in the media&#8221; use_theme_fonts=&#8221;yes&#8221;][vc_column_text]</p>
<ul>
<li><a href="https://360angola.com/world/africa/mozambique-cabo-delgado-safety-boost-mozambique-lng-foundation-lights-up-pemba/" target="_blank" rel="noopener">Mozambique: Cabo Delgado Safety Boost – Mozambique LNG Foundation Lights Up Pemba</a></li>
<li><a href="https://www.diarioeconomico.co.mz/2025/07/02/oilgas/energia/cabo-delgado-fundacao-lng-reforca-seguranca-com-projecto-de-iluminacao-publica/?utm_source=whatsapp" target="_blank" rel="noopener">Cabo Delgado: Fundação LNG Reforça Segurança Com Projecto de Iluminação Pública</a></li>
<li><a href="https://furtherafrica.com/2025/07/02/cabo-delgado-safety-boost-mozambique-lng-foundation-lights-up-pemba/" target="_blank" rel="noopener">Cabo Delgado Safety Boost: Mozambique LNG Foundation Lights Up Pemba</a></li>
</ul>
<p>[/vc_column_text][vc_empty_space height=&#8221;60px&#8221;][/vc_column][/vc_row]</p>

<p>[vc_row css=&#8221;.vc_custom_1752221313270{margin-right: -15px !important;margin-left: -15px !important;}&#8221;][vc_column][vc_empty_space height=&#8221;25px&#8221;][vc_separator color=&#8221;custom&#8221; border_width=&#8221;3&#8243; accent_color=&#8221;#1c823a&#8221;][vc_empty_space height=&#8221;15px&#8221;][vc_custom_heading text=&#8221;Us in the media&#8221; use_theme_fonts=&#8221;yes&#8221;][vc_column_text] Mozambique: Cabo Delgado Safety Boost – Mozambique LNG Foundation Lights Up Pemba Cabo Delgado: Fundação LNG Reforça Segurança Com Projecto de Iluminação Pública Cabo Delgado Safety Boost: Mozambique LNG Foundation Lights Up Pemba [/vc_column_text][vc_empty_space height=&#8221;60px&#8221;][/vc_column][/vc_row]</p>

<!-- This site is optimized with the Yoast SEO plugin v27.5 - https://yoast.com/product/yoast-seo-wordpress/ -->
<title>News - Fundação Mozambique LNG</title>
<meta name="description" content="Explore inspiring stories, updates, and impact highlights from the communities supported by the Foundation." />
<meta name="robots" content="index, follow, max-snippet:-1, max-image-preview:large, max-video-preview:-1" />
<link rel="canonical" href="https://mozambiquelngfoundation.org/en/news-publications/news/" />
<meta property="og:locale" content="en_US" />
<meta property="og:type" content="article" />
<meta property="og:title" content="News - Fundação Mozambique LNG" />
<meta property="og:description" content="Explore inspiring stories, updates, and impact highlights from the communities supported by the Foundation." />
<meta property="og:url" content="https://mozambiquelngfoundation.org/en/news-publications/news/" />
<meta property="og:site_name" content="Fundação Mozambique LNG" />
<meta property="article:publisher" content="https://www.facebook.com/profile.php?id=61575219521505" />
<meta property="article:modified_time" content="2025-07-16T09:36:41+00:00" />
<meta name="twitter:card" content="summary_large_image" />
<meta name="twitter:label1" content="Est. reading time" />
	<meta name="twitter:data1" content="1 minute" />
<script type="application/ld+json" class="yoast-schema-graph">{"@context":"https:\/\/schema.org","@graph":[{"@type":"WebPage","@id":"https:\/\/mozambiquelngfoundation.org\/en\/news-publications\/news\/","url":"https:\/\/mozambiquelngfoundation.org\/en\/news-publications\/news\/","name":"News - Fundação Mozambique LNG","isPartOf":{"@id":"https:\/\/mozambiquelngfoundation.org\/en\/#website"},"datePublished":"2025-07-02T08:34:00+00:00","dateModified":"2025-07-16T09:36:41+00:00","description":"Explore inspiring stories, updates, and impact highlights from the communities supported by the Foundation.","breadcrumb":{"@id":"https:\/\/mozambiquelngfoundation.org\/en\/news-publications\/news\/#breadcrumb"},"inLanguage":"en-US","potentialAction":[{"@type":"ReadAction","target":["https:\/\/mozambiquelngfoundation.org\/en\/news-publications\/news\/"]}]},{"@type":"BreadcrumbList","@id":"https:\/\/mozambiquelngfoundation.org\/en\/news-publications\/news\/#breadcrumb","itemListElement":[{"@type":"ListItem","position":1,"name":"Home","item":"https:\/\/mozambiquelngfoundation.org\/en\/"},{"@type":"ListItem","position":2,"name":"News &#038; Publications","item":"https:\/\/mozambiquelngfoundation.org\/en\/news-publications\/"},{"@type":"ListItem","position":3,"name":"News"}]},{"@type":"WebSite","@id":"https:\/\/mozambiquelngfoundation.org\/en\/#website","url":"https:\/\/mozambiquelngfoundation.org\/en\/","name":"Fundação Mozambique LNG","description":"No âmbito do Projecto Moçambique LNG, esta iniciativa teve como objectivo promover o desenvolvimento sustentável, a preservação ambiental e a diversificação económica em Cabo Delgado.","publisher":{"@id":"https:\/\/mozambiquelngfoundation.org\/en\/#organization"},"potentialAction":[{"@type":"SearchAction","target":{"@type":"EntryPoint","urlTemplate":"https:\/\/mozambiquelngfoundation.org\/en\/?s={search_term_string}"},"query-input":{"@type":"PropertyValueSpecification","valueRequired":true,"valueName":"search_term_string"}}],"inLanguage":"en-US"},{"@type":"Organization","@id":"https:\/\/mozambiquelngfoundation.org\/en\/#organization","name":"Fundação Mozambique LNG","url":"https:\/\/mozambiquelngfoundation.org\/en\/","logo":{"@type":"ImageObject","inLanguage":"en-US","@id":"https:\/\/mozambiquelngfoundation.org\/en\/#\/schema\/logo\/image\/","url":"https:\/\/mozambiquelngfoundation.org\/wp-content\/uploads\/2025\/07\/logo-fundacao-pt.png","contentUrl":"https:\/\/mozambiquelngfoundation.org\/wp-content\/uploads\/2025\/07\/logo-fundacao-pt.png","width":300,"height":102,"caption":"Fundação Mozambique LNG"},"image":{"@id":"https:\/\/mozambiquelngfoundation.org\/en\/#\/schema\/logo\/image\/"},"sameAs":["https:\/\/www.facebook.com\/profile.php?id=61575219521505"]}]}</script>
<!-- / Yoast SEO plugin. -->

News - Fundação Mozambique LNG

Fundação Mozambique LNG

No âmbito do Projecto Moçambique LNG, esta iniciativa teve como objectivo promover o desenvolvimento sustentável, a preservação ambiental e a diversificação económica em Cabo Delgado.
